{"id":46,"date":"2022-04-03T16:19:46","date_gmt":"2022-04-03T16:19:46","guid":{"rendered":"http:\/\/www.climbinnizmir.com\/?page_id=46"},"modified":"2022-05-17T07:21:50","modified_gmt":"2022-05-17T07:21:50","slug":"home","status":"publish","type":"page","link":"https:\/\/www.climbinnizmir.com\/","title":{"rendered":"Home"},"content":{"rendered":"\n<div class=\"wp-block-cover alignfull is-light hestia-clear-top-padding\"><span aria-hidden=\"true\" class=\"has-white-background-color has-background-dim-100 wp-block-cover__gradient-background has-background-dim\"><\/span><div class=\"wp-block-cover__inner-container\">\n<h2 class=\"has-text-align-center has-text-color wp-block-heading\" style=\"color:#3c4858\">The biggest <a href=\"https:\/\/www.instagram.com\/explore\/tags\/climbing\/\">#climbing<\/a>\u00a0<a href=\"https:\/\/www.instagram.com\/explore\/tags\/gym\/\">#gym<\/a>\u00a0in Izmir \ud83e\uddd7\u200d\u2642\ufe0f\ud83e\uddd7\u200d\u2640\ufe0f<br>Everything you looking for\ud83d\udcaa<\/h2>\n\n\n\n<div style=\"height:40px\" aria-hidden=\"true\" class=\"wp-block-spacer\"><\/div>\n\n\n\n<div class=\"wp-block-columns container is-layout-flex wp-container-4\">\n<div class=\"wp-block-column is-layout-flow\">\n<div class=\"wp-block-image\"><figure class=\"aligncenter size-large\"><a href=\"https:\/\/www.climbinnizmir.com\/?page_id=55\"><img decoding=\"async\" src=\"http:\/\/www.climbinnizmir.com\/wp-content\/themes\/hestia\/assets\/img\/feat1.png\" alt=\"\" class=\"wp-image-70\"\/><\/a><\/figure><\/div>\n\n\n\n<h5 class=\"has-text-align-center has-text-color wp-block-heading\" style=\"color:#3c4858;font-size:18px\"><a href=\"https:\/\/www.climbinnizmir.com\/?page_id=55\">E\u011e\u0130T\u0130M<\/a><\/h5>\n\n\n\n<p class=\"has-text-align-center has-text-color\" style=\"color:#999999;font-size:14px\">E\u011fitimlerimiz hakk\u0131nda bilgi almak i\u00e7in ba\u015fl\u0131\u011fa t\u0131klayabilirsiniz.<\/p>\n\n\n\n<div style=\"height:25px\" aria-hidden=\"true\" class=\"wp-block-spacer\"><\/div>\n<\/div>\n\n\n\n<div class=\"wp-block-column is-layout-flow\">\n<div class=\"wp-block-image\"><figure class=\"aligncenter size-large\"><a href=\"https:\/\/www.climbinnizmir.com\/?page_id=78\"><img decoding=\"async\" src=\"http:\/\/www.climbinnizmir.com\/wp-content\/themes\/hestia\/assets\/img\/feat2.png\" alt=\"\" class=\"wp-image-71\"\/><\/a><\/figure><\/div>\n\n\n\n<p><\/p>\n\n\n\n<h5 class=\"has-text-align-center has-text-color wp-block-heading\" style=\"color:#3c4858;font-size:18px\"><strong><a href=\"https:\/\/www.climbinnizmir.com\/?page_id=78\">F\u0130YATLARIMIZ<\/a><\/strong><\/h5>\n\n\n\n<p class=\"has-text-align-center has-text-color\" style=\"color:#999999;font-size:14px\">Fiyatlar\u0131m\u0131z hakk\u0131nda bilgi almak i\u00e7in ba\u015fl\u0131\u011fa t\u0131klayabilirsiniz.<\/p>\n\n\n\n<div style=\"height:25px\" aria-hidden=\"true\" class=\"wp-block-spacer\"><\/div>\n<\/div>\n\n\n\n<div class=\"wp-block-column is-layout-flow\">\n<div class=\"wp-block-image\"><figure class=\"aligncenter size-large\"><a href=\"https:\/\/www.climbinnizmir.com\/?page_id=47\"><img decoding=\"async\" src=\"http:\/\/www.climbinnizmir.com\/wp-content\/themes\/hestia\/assets\/img\/feat3.png\" alt=\"\" class=\"wp-image-72\"\/><\/a><\/figure><\/div>\n\n\n\n<h5 class=\"has-text-align-center has-text-color wp-block-heading\" style=\"color:#3c4858;font-size:18px\"><strong><a href=\"https:\/\/www.climbinnizmir.com\/?page_id=47\">\u0130LET\u0130\u015e\u0130M<\/a><\/strong><\/h5>\n\n\n\n<p class=\"has-text-align-center has-text-color\" style=\"color:#999999;font-size:14px\">\u0130leti\u015fim bilgilerimiz i\u00e7in ba\u015fl\u0131\u011fa t\u0131klayabilirsiniz.<\/p>\n\n\n\n<div style=\"height:25px\" aria-hidden=\"true\" class=\"wp-block-spacer\"><\/div>\n<\/div>\n<\/div>\n\n\n\n<div style=\"height:40px\" aria-hidden=\"true\" class=\"wp-block-spacer\"><\/div>\n<\/div><\/div>\n\n\n\n<div class=\"wp-block-columns container is-layout-flex wp-container-7\">\n<div class=\"wp-block-column col-md-5 is-layout-flow\">\n<div style=\"height:55px\" aria-hidden=\"true\" class=\"wp-block-spacer\"><\/div>\n\n\n\n<iframe src=\"https:\/\/www.google.com\/maps\/embed?pb=!1m18!1m12!1m3!1d3124.519920585072!2d27.202273115337235!3d38.452556579641744!2m3!1f0!2f0!3f0!3m2!1i1024!2i768!4f13.1!3m3!1m2!1s0x14b96310a4e880dd%3A0x929a9d546ea3672f!2sClimbinn!5e0!3m2!1sen!2str!4v1651934867986!5m2!1sen!2str\" width=\"600\" height=\"450\" style=\"border:0;\" allowfullscreen=\"\" loading=\"lazy\" referrerpolicy=\"no-referrer-when-downgrade\"><\/iframe>\n<\/div>\n\n\n\n<div class=\"wp-block-column col-md-6 col-md-offset1 is-layout-flow\">\n<div style=\"height:55px\" aria-hidden=\"true\" class=\"wp-block-spacer\"><\/div>\n\n\n\n<p><\/p>\n<\/div>\n<\/div>\n","protected":false},"excerpt":{"rendered":"","protected":false},"author":1,"featured_media":0,"parent":0,"menu_order":0,"comment_status":"closed","ping_status":"closed","template":"","meta":[],"_links":{"self":[{"href":"https:\/\/www.climbinnizmir.com\/index.php?rest_route=\/wp\/v2\/pages\/46"}],"collection":[{"href":"https:\/\/www.climbinnizmir.com\/index.php?rest_route=\/wp\/v2\/pages"}],"about":[{"href":"https:\/\/www.climbinnizmir.com\/index.php?rest_route=\/wp\/v2\/types\/page"}],"author":[{"embeddable":true,"href":"https:\/\/www.climbinnizmir.com\/index.php?rest_route=\/wp\/v2\/users\/1"}],"replies":[{"embeddable":true,"href":"https:\/\/www.climbinnizmir.com\/index.php?rest_route=%2Fwp%2Fv2%2Fcomments&post=46"}],"version-history":[{"count":6,"href":"https:\/\/www.climbinnizmir.com\/index.php?rest_route=\/wp\/v2\/pages\/46\/revisions"}],"predecessor-version":[{"id":116,"href":"https:\/\/www.climbinnizmir.com\/index.php?rest_route=\/wp\/v2\/pages\/46\/revisions\/116"}],"wp:attachment":[{"href":"https:\/\/www.climbinnizmir.com\/index.php?rest_route=%2Fwp%2Fv2%2Fmedia&parent=46"}],"curies":[{"name":"wp","href":"https:\/\/api.w.org\/{rel}","templated":true}]}}